{"id":1531,"date":"2025-06-23T15:47:28","date_gmt":"2025-06-23T15:47:28","guid":{"rendered":"https:\/\/gcsoluciones.com.ar\/?page_id=1531"},"modified":"2025-08-01T16:04:07","modified_gmt":"2025-08-01T16:04:07","slug":"certificaciones","status":"publish","type":"page","link":"https:\/\/gcsoluciones.com.ar\/?page_id=1531","title":{"rendered":"Certificaciones"},"content":{"rendered":"\n<p><\/p>\n\n\n\n<p><\/p>\n\n\n\n<div class=\"wp-block-stackable-columns stk-block-columns stk-block stk-27687ae\" data-block-id=\"27687ae\"><div class=\"stk-row stk-inner-blocks stk-block-content stk-content-align stk-27687ae-column\">\n<div class=\"wp-block-stackable-column stk-block-column stk-column stk-block stk-771c3b4\" data-v=\"4\" data-block-id=\"771c3b4\"><div class=\"stk-column-wrapper stk-block-column__content stk-container stk-771c3b4-container stk--no-background stk--no-padding\"><div class=\"stk-block-content stk-inner-blocks stk-771c3b4-inner-blocks\">\n<p class=\"has-large-font-size\"><strong>Calidad certificada y tecnolog\u00eda de vanguardia en cableado estructurado<\/strong><\/p>\n\n\n\n<p>En nuestra empresa, cada proyecto de cableado estructurado es ejecutado por t\u00e9cnicos altamente especializados, certificados bajo los est\u00e1ndares internacionales ANSI\/TIA e ISO\/IEC, incluyendo sus actualizaciones m\u00e1s recientes.<\/p>\n\n\n\n<p>Contamos con certificaciones de buenas pr\u00e1cticas y normativas emitidas por las principales marcas del mercado, avaladas por puntuaci\u00f3n BICSI, lo que garantiza un servicio alineado con las m\u00e1s altas exigencias de la industria.<\/p>\n\n\n\n<p>Somos partners autorizados de los fabricantes l\u00edderes del sector, lo que nos habilita a implementar programas de sustentabilidad y ofrecer garant\u00edas extendidas de hasta 25 a\u00f1os sobre los productos instalados por nuestro equipo.<\/p>\n\n\n\n<p>Todos nuestros trabajos son validados con equipamiento de \u00faltima generaci\u00f3n, calibrado anualmente en centros autorizados por cada marca. Los certificados de calibraci\u00f3n est\u00e1n siempre disponibles para nuestros clientes, reflejando nuestro compromiso con la transparencia y la calidad.<br>Certificaci\u00f3n profesional: precisi\u00f3n que se puede medir<\/p>\n\n\n\n<pre class=\"wp-block-code\"><code>Fibra \u00f3ptica: utilizamos power meter Fluke SimpliFiber Pro para mediciones de atenuaci\u00f3n en longitudes de onda, incluyendo fibra multimodo (850\u20131300 nm) y monomodo (1310\u20131550 nm).\n\nCobre: certificamos redes categor\u00eda 5e, 6, 6A, 7 y 8 con equipos Fluke DSX2-8000, tanto en configuraciones Channel como Permanent Link.<\/code><\/pre>\n<\/div><\/div><\/div>\n\n\n\n<div class=\"wp-block-stackable-column stk-block-column stk-column stk-block stk-4459cbd\" data-v=\"4\" data-block-id=\"4459cbd\"><div class=\"stk-column-wrapper stk-block-column__content stk-container stk-4459cbd-container stk--no-background stk--no-padding\"><div class=\"stk-block-content stk-inner-blocks stk-4459cbd-inner-blocks\">\n<div class=\"wp-block-uagb-image uagb-block-aa4b3c7d wp-block-uagb-image--layout-default wp-block-uagb-image--effect-static wp-block-uagb-image--align-none\"><figure class=\"wp-block-uagb-image__figure\"><img loading=\"lazy\" decoding=\"async\" srcset=\"https:\/\/gcsoluciones.com.ar\/wp-content\/uploads\/2025\/08\/Diseno-sin-titulo-2025-08-01T124735.633.png ,https:\/\/gcsoluciones.com.ar\/wp-content\/uploads\/2025\/08\/Diseno-sin-titulo-2025-08-01T124735.633.png 780w, https:\/\/gcsoluciones.com.ar\/wp-content\/uploads\/2025\/08\/Diseno-sin-titulo-2025-08-01T124735.633.png 360w\" sizes=\"auto, (max-width: 480px) 150px\" src=\"https:\/\/gcsoluciones.com.ar\/wp-content\/uploads\/2025\/08\/Diseno-sin-titulo-2025-08-01T124735.633.png\" alt=\"\" class=\"uag-image-1900\" width=\"400\" height=\"500\" title=\"Dise\u00f1o sin t\u00edtulo - 2025-08-01T124735.633\" loading=\"lazy\" role=\"img\"\/><\/figure><\/div>\n\n\n\n<div style=\"height:100px\" aria-hidden=\"true\" class=\"wp-block-spacer\"><\/div>\n\n\n\n<div class=\"wp-block-uagb-image uagb-block-8fade8ad wp-block-uagb-image--layout-default wp-block-uagb-image--effect-static wp-block-uagb-image--align-none\"><figure class=\"wp-block-uagb-image__figure\"><img loading=\"lazy\" decoding=\"async\" srcset=\"https:\/\/gcsoluciones.com.ar\/wp-content\/uploads\/2025\/08\/Diseno-sin-titulo-2025-08-01T124959.559.png ,https:\/\/gcsoluciones.com.ar\/wp-content\/uploads\/2025\/08\/Diseno-sin-titulo-2025-08-01T124959.559.png 780w, https:\/\/gcsoluciones.com.ar\/wp-content\/uploads\/2025\/08\/Diseno-sin-titulo-2025-08-01T124959.559.png 360w\" sizes=\"auto, (max-width: 480px) 150px\" src=\"https:\/\/gcsoluciones.com.ar\/wp-content\/uploads\/2025\/08\/Diseno-sin-titulo-2025-08-01T124959.559.png\" alt=\"\" class=\"uag-image-1901\" width=\"550\" height=\"350\" title=\"Dise\u00f1o sin t\u00edtulo - 2025-08-01T124959.559\" loading=\"lazy\" role=\"img\"\/><\/figure><\/div>\n<\/div><\/div><\/div>\n<\/div><\/div>\n\n\n\n<div class=\"wp-block-stackable-columns stk-block-columns stk-block stk-da05bb6\" data-block-id=\"da05bb6\"><div class=\"stk-row stk-inner-blocks stk-block-content stk-content-align stk-da05bb6-column\">\n<div class=\"wp-block-stackable-column stk-block-column stk-column stk-block stk-8771187\" data-v=\"4\" data-block-id=\"8771187\"><div class=\"stk-column-wrapper stk-block-column__content stk-container stk-8771187-container stk--no-background stk--no-padding\"><div class=\"stk-block-content stk-inner-blocks stk-8771187-inner-blocks\">\n<div class=\"wp-block-uagb-container uagb-block-0da4c31e alignfull uagb-is-root-container\"><div class=\"uagb-container-inner-blocks-wrap\">\n<div class=\"wp-block-stackable-columns stk-block-columns stk-block stk-98d07f2\" data-block-id=\"98d07f2\"><div class=\"stk-row stk-inner-blocks stk-block-content stk-content-align stk-98d07f2-column\">\n<div class=\"wp-block-stackable-column stk-block-column stk-column stk-block stk-8f890da\" data-v=\"4\" data-block-id=\"8f890da\"><div class=\"stk-column-wrapper stk-block-column__content stk-container stk-8f890da-container stk--no-background stk--no-padding\"><div class=\"stk-block-content stk-inner-blocks stk-8f890da-inner-blocks\">\n<figure class=\"wp-block-embed is-type-video is-provider-youtube wp-block-embed-youtube wp-embed-aspect-16-9 wp-has-aspect-ratio\"><div class=\"wp-block-embed__wrapper\">\n<iframe title=\"Introducing the DSX8000 CableAnalyzer by Fluke Networks\" width=\"1213\" height=\"682\" src=\"https:\/\/www.youtube.com\/embed\/axWkTgbhBck?feature=oembed\" frameborder=\"0\" allow=\"accelerometer; autoplay; clipboard-write; encrypted-media; gyroscope; picture-in-picture; web-share\" referrerpolicy=\"strict-origin-when-cross-origin\" allowfullscreen><\/iframe>\n<\/div><\/figure>\n<\/div><\/div><\/div>\n\n\n\n<div class=\"wp-block-stackable-column stk-block-column stk-column stk-block stk-1b90e4f\" data-v=\"4\" data-block-id=\"1b90e4f\"><div class=\"stk-column-wrapper stk-block-column__content stk-container stk-1b90e4f-container stk--no-background stk--no-padding\"><div class=\"stk-block-content stk-inner-blocks stk-1b90e4f-inner-blocks\">\n<div class=\"wp-block-uagb-image uagb-block-ec48ff4a wp-block-uagb-image--layout-default wp-block-uagb-image--effect-static wp-block-uagb-image--align-none\"><figure class=\"wp-block-uagb-image__figure\"><\/figure><\/div>\n<\/div><\/div><\/div>\n\n\n\n<div class=\"wp-block-stackable-column stk-block-column stk-column stk-block stk-dc754de\" data-v=\"4\" data-block-id=\"dc754de\"><div class=\"stk-column-wrapper stk-block-column__content stk-container stk-dc754de-container stk--no-background stk--no-padding\"><div class=\"stk-block-content stk-inner-blocks stk-dc754de-inner-blocks\">\n<div class=\"wp-block-uagb-image uagb-block-96933359 wp-block-uagb-image--layout-default wp-block-uagb-image--effect-static wp-block-uagb-image--align-none\"><figure class=\"wp-block-uagb-image__figure\"><\/figure><\/div>\n<\/div><\/div><\/div>\n<\/div><\/div>\n<\/div><\/div>\n<\/div><\/div><\/div>\n<\/div><\/div>\n\n\n\n<p><\/p>\n","protected":false},"excerpt":{"rendered":"<p>Calidad certificada y tecnolog\u00eda de vanguardia en cableado estructurado En nuestra empresa, cada proyecto de cableado estructurado es ejecutado por t\u00e9cnicos altamente especializados, certificados bajo los est\u00e1ndares internacionales ANSI\/TIA e ISO\/IEC, incluyendo sus actualizaciones m\u00e1s recientes. Contamos con certificaciones de buenas pr\u00e1cticas y normativas emitidas por las principales marcas del mercado, avaladas por puntuaci\u00f3n BICSI, [&hellip;]<\/p>\n","protected":false},"author":1,"featured_media":0,"parent":0,"menu_order":0,"comment_status":"closed","ping_status":"closed","template":"","meta":{"_eb_attr":"","_uag_custom_page_level_css":"","_joinchat":[],"footnotes":""},"class_list":["post-1531","page","type-page","status-publish","hentry"],"blocksy_meta":[],"uagb_featured_image_src":{"full":false,"thumbnail":false,"medium":false,"medium_large":false,"large":false,"1536x1536":false,"2048x2048":false},"uagb_author_info":{"display_name":"jessica","author_link":"https:\/\/gcsoluciones.com.ar\/?author=1"},"uagb_comment_info":0,"uagb_excerpt":"Calidad certificada y tecnolog\u00eda de vanguardia en cableado estructurado En nuestra empresa, cada proyecto de cableado estructurado es ejecutado por t\u00e9cnicos altamente especializados, certificados bajo los est\u00e1ndares internacionales ANSI\/TIA e ISO\/IEC, incluyendo sus actualizaciones m\u00e1s recientes. Contamos con certificaciones de buenas pr\u00e1cticas y normativas emitidas por las principales marcas del mercado, avaladas por puntuaci\u00f3n BICSI,&hellip;","_links":{"self":[{"href":"https:\/\/gcsoluciones.com.ar\/index.php?rest_route=\/wp\/v2\/pages\/1531","targetHints":{"allow":["GET"]}}],"collection":[{"href":"https:\/\/gcsoluciones.com.ar\/index.php?rest_route=\/wp\/v2\/pages"}],"about":[{"href":"https:\/\/gcsoluciones.com.ar\/index.php?rest_route=\/wp\/v2\/types\/page"}],"author":[{"embeddable":true,"href":"https:\/\/gcsoluciones.com.ar\/index.php?rest_route=\/wp\/v2\/users\/1"}],"replies":[{"embeddable":true,"href":"https:\/\/gcsoluciones.com.ar\/index.php?rest_route=%2Fwp%2Fv2%2Fcomments&post=1531"}],"version-history":[{"count":10,"href":"https:\/\/gcsoluciones.com.ar\/index.php?rest_route=\/wp\/v2\/pages\/1531\/revisions"}],"predecessor-version":[{"id":1910,"href":"https:\/\/gcsoluciones.com.ar\/index.php?rest_route=\/wp\/v2\/pages\/1531\/revisions\/1910"}],"wp:attachment":[{"href":"https:\/\/gcsoluciones.com.ar\/index.php?rest_route=%2Fwp%2Fv2%2Fmedia&parent=1531"}],"curies":[{"name":"wp","href":"https:\/\/api.w.org\/{rel}","templated":true}]}}